se 5*u - 61 = 69. What is the remainder when u is divided by 16?
10
Calculate the remainder when 9795/120 - 18/(-48) is divided by 28.
26
Suppose 381*t - 383*t + 2*m = -144, 4*m = 12. Suppose 5*l - l - 44 = 0. What is the remainder when t is divided by l?
9
Let j = 3 + 2. Suppose 0 = -q - f + j, -20 = 3*q - f - 55. Let v = 23 - -3. Calculate the remainder when v is divided by q.
6
Let c = -229 - -322. Suppose 3*i + 3*u = c, 0*i + i = -2*u + 32. Suppose -4*a - a = -i. What is the remainder when a is divided by 2?
0
Suppose 1 + 68 = s. Let g = s + -48. Calculate the remainder when g is divided by 8.
5
What is the remainder when 208 is divided by ((-36)/(-6))/(-2)*-7?
19
Let v(g) be the second derivative of -g**5/20 + g**4/2 - 2*g**3/3 + g**2 - 5*g + 4. What is the remainder when v(4) is divided by 7?
4
Let j(d) = d + 15. Let k be j(-11). Let q = 6 - 1. Suppose 182 = 5*n - r, 0 = -k*r - q + 17. What is the remainder when n is divided by 13?
11
Suppose 5*a - 39 = -14. Suppose -232 = -a*x + 63. Suppose 3*s + x = 188. Calculate the remainder when s is divided by 15.
13
Calculate the remainder when 872/(-6)*(-6 - 27/(-6)) is divided by 54.
2
Suppose -8*j - 50 = -10*j. Calculate the remainder when 47 is divided by j.
22
Suppose 2*x = 4*c - x - 602, 3*x - 614 = -4*c. What is the remainder when (9*1)/(464/c - 3) is divided by 43?
42
Let a = 41 + -39. Suppose -k + a + 12 = 0. What is the remainder when 25 is divided by k?
11
What is the remainder when 40 is divided by (-30)/(-7) - (-18)/(-63)?
0
Let z = 14 - 12. Suppose 0 = z*t - k - 26, 4*k - 64 = -3*t - t. Let a(p) = 7*p - 9. Calculate the remainder when a(t) is divided by 23.
20
Let n = 226 - 212. Let i(u) = u**3 - 4*u**2 + 4*u - 3. Let d be i(3). Suppose d = -2*y, 0 = 2*x - 5*x + y + 12. Calculate the remainder when n is divided by x.
2
Let g(n) be the first derivative of n**3 + 3*n**2 - 7*n - 5. Let a be g(-5). Let i = -14 + a. What is the remainder when 70 is divided by i?
22
Let r(d) = -22*d. Let g be r(-1). Suppose 2*p + 7 = 4*t + 35, 2*p - g = t. What is the remainder when p is divided by ((-30)/9 + 2)*(-3 + 0)?
2
Let i(t) = 5*t + 176. What is the remainder when 88 is divided by i(-34)?
4
Suppose -10*d + d = -99. What is the remainder when 19 is divided by d?
8
Let p(y) = y**3 - 22*y**2 + 19*y + 26. Let w be p(21). Let k = w + 43. Calculate the remainder when 95 is divided by k.
14
Suppose 24*a - 21*a = 24. Suppose -t + 86 = -6*t - 4*z, -t - 2*z = 22. Let s = 16 - t. What is the remainder when s is divided by a?
6
What is the remainder when 0 - (2206/(-10) + 4/(-10)) is divided by 74?
73
Suppose -42*d - 24 = -39*d. Let i(n) = -n + 2 - 5*n + 3*n. What is the remainder when 51 is divided by i(d)?
25
Suppose 17*g - 868 = 13*g - 5*d, 0 = -g + 4*d + 238. Calculate the remainder when g is divided by 16.
14
Suppose 2*s - 86 = 4. Suppose 3*f - 33 - s = 0. Calculate the remainder when (0/1 - 7)*-7 is divided by f.
23
Let z = 208 - 196. Suppose 5*m + 10 = 2*u - 16, 0 = -2*u - 3*m + 10. What is the remainder when z is divided by u?
4
Calculate the remainder when 5 - ((-1)/2 - 214/4) is divided by 4.
3
Let c(i) = -2*i**3 - 15*i**2 + 5*i + 13. Let s be c(-7). Let b = -56 - s. Suppose 0 = 2*w - 4*w + 56. Calculate the remainder when w is divided by b.
13
Suppose 5 = 3*n - 4. Let i = 5 - n. Let m(v) = 17*v**2 - 2*v - 2. What is the remainder when m(i) is divided by 16?
14
Let h(r) = r**3 + 15*r**2 - 28*r + 1. Calculate the remainder when h(-14) is divided by 74.
71
Let x = -3 - -6. Suppose -t - 5*h + 10 = 3, -x*h + 3 = 0. Suppose 5*r - 24 = t*r. What is the remainder when 22 is divided by r?
6
Let f = -18 + 22. Suppose -f*b + 45 = b. Let t = 32 - -3. What is the remainder when t is divided by b?
8
Let g(s) = s + 7. Let h be g(-3). Calculate the remainder when 48/(-8)*(-26)/h is divided by 11.
6
Suppose 4*y = -6*y + 140. Calculate the remainder when 25 is divided by y.
11
Let s = -499 - -506. What is the remainder when 137 is divided by s?
4
Let g = -1 + -4. Let x = g + 26. Calculate the remainder when 40 is divided by x.
19
Let c = -479 + 507. What is the remainder when c is divided by 28?
0
Suppose -2*w - 5*a = -94, 3*w - 2*w - 3*a - 58 = 0. What is the remainder when 415 is divided by w?
51
Let z(n) = 10*n + 13. What is the remainder when z(3) is divided by 400/18 + (-6)/27?
21
Suppose 3*b - b - 12 = -2*l, 0 = -5*l + 15. What is the remainder when 78 is divided by 18 - 2*b/(0 - 3)?
18
Suppose 0 = -6*y + 9*y. Suppose y = -f - 1, 2*f + f = -3*x - 3. Suppose -4*o + 3*o + 89 = x. Calculate the remainder when o is divided by 23.
20
Calculate the remainder when ((-138)/(-10))/((-126)/(-210)) is divided by 5.
3
Let s(g) = g**2 - 8*g - 1. Let l be s(6). Let b(y) = 2*y + 32. What is the remainder when 21 is divided by b(l)?
3
Let b(k) be the first derivative of -15*k**2/2 - 5*k + 1. Let g(s) = 3*s**2 - 8. Calculate the remainder when b(-4) is divided by g(3).
17
Suppose p + 4 = 2*p. Suppose 0 = 4*i + 2*w - p*w - 22, 5*i + 3*w - 55 = 0. Calculate the remainder when 55 is divided by i.
7
Suppose 0*s = -s - 4*s. Calculate the remainder when 25 is divided by 7*2 + s + -1.
12
Calculate the remainder when 114/171 + 307/3 is divided by 37.
29
Let o(r) = -5*r + 10. Let s(q) = q + 1. Let l(y) = -o(y) - 4*s(y). Let k be l(12). Calculate the remainder when 30 is divided by -3 + k/(-2) + 18.
14
Let u(q) = -q**3 + 19*q**2 + 31*q - 168. Calculate the remainder when 56 is divided by u(20).
4
Suppose -44 = -2*g + 296. Suppose -5*x = -130 - g. Suppose x + 9 = 3*m. Calculate the remainder when m is divided by 12.
11
Suppose -2*y = -38 + 12. Calculate the remainder when 76 is divided by y.
11
Suppose -14*c = 4*y - 15*c - 155, 0 = 3*c - 15. Calculate the remainder when y is divided by 18.
4
Suppose 5*w - 2*w - 30 = -3*z, -3*w - 5*z + 38 = 0. Calculate the remainder when (-292)/w*(-18)/12 is divided by 15.
13
Suppose 20*f - 78 = 17*f. Suppose 2*k + 1 + 3 = v, -v - f = 4*k. Let a(z) = -3*z + 3. Calculate the remainder when a(v) is divided by 8.
5
Suppose -2*w + 4*w + 67 = 3*m, m - 18 = 5*w. Suppose m = b + 4*y - y, b + y = 19. What is the remainder when b is divided by -10*(3/15)/(4/(-10))?
2
Let k = 55 + -9. Suppose -2*d + 2*j + 8 = 0, 4 - 10 = -2*d + j. Calculate the remainder when k is divided by (2 + d)*6*1.
22
Suppose 29*a = 31*a + 5*x - 3642, -5*x + 9090 = 5*a. What is the remainder when a is divided by 65?
61
Suppose 0 = 2*r + 3*r + 115. Let v = -7 - r. Calculate the remainder when 30 is divided by v.
14
Let s(p) = -17*p**3 + p**2 - p + 2. Let y be s(-2). Suppose y = 3*x + 5*q, -3*q = -0*q. What is the remainder when x is divided by 5?
3
Suppose -369*p + 1393 = 3*w - 373*p, -w + 475 = -4*p. Calculate the remainder when w is divided by 121.
96
Let r = 1 - 2. Let o = 21 - r. Calculate the remainder when 61 is divided by o.
17
Let u(q) = 2*q**3 - 17*q**2 - 4*q - 27. What is the remainder when 30 is divided by u(9)?
12
Suppose -3631*y + 3651*y - 1760 = 0. What is the remainder when 419 is divided by y?
67
Suppose 3*x - 22 + 4 = 0. What is the remainder when 0 + 3 + -1 + 12 is divided by x?
2
Let h be 12/(-8)*(-88)/2. Let k = h + -38. Suppose -2*v - 4*z = -32, 2*v - 7*v + 3*z + k = 0. Calculate the remainder when 15 is divided by v.
7
Suppose 2*u - 928 = -4*r, -4*r = -5*u - 5*r + 2275. What is the remainder when u is divided by 65?
64
Let g(a) = 3*a - 6 - 4*a + 3 + 3*a. Calculate the remainder when 16 is divided by g(6).
7
Suppose -72*u + 17*u = -2860. What is the remainder when u is divided by 40?
12
Suppose -5*k - 30 = 4*t, 4*k - 26 = 5*t + 32. Let o be (-5)/t + 6/4. Suppose 0 = -o*s + 7 + 17. What is the remainder when 46 is divided by s?
10
Suppose 3*s - 48 = 21. Let k = 693 + -684. Calculate the remainder when s is divided by k.
5
Let t(c) = -2*c**3 - 7*c**2 - 2*c + 15. What is the remainder when t(-4) is divided by 5?
4
Let m = -169 + 184. What is the remainder when 161 is divided by m?
11
Let o be 2/(-3) + 294/9. Let f be (-56)/o + (-2)/8. Let i(z) = 14*z**2 + 2. What is the remainder when i(f) is divided by 15?
13
Suppose 81 = 14*b - 11*b. Calculate the remainder when b is divided by 15.
12
Let j be (-2 - 0)*15/(-2). Let x(k) = k**2 - 13*k - 15. Calculate the remainder when x(j) is divided by 8.
7
Let z(u) = 127*u - 140*u +